 is -1332212 (base 4) in base 14?
-2d4a
What is -365 (base 8) in base 13?
-15b
What is 200001 (base 3) in base 9?
601
-3ea0 (base 15) to base 14
-4c6d
Convert -12ae (base 16) to base 5.
-123112
20b3 (base 15) to base 14
2742
364 (base 12) to base 9
624
-244 (base 8) to base 15
-ae
Convert -2c4 (base 16) to base 8.
-1304
101000101100 (base 2) to base 9
3513
Convert -3682 (base 9) to base 15.
-c32
What is 210111 (base 3) in base 10?
580
What is 12321 (base 4) in base 14?
237
What is -178 (base 13) in base 10?
-268
Convert 24202 (base 5) to base 7.
5153
What is -2534 (base 7) in base 6?
-4232
b363 (base 14) to base 9
46287
-30230 (base 6) to base 8
-7612
Convert 210524 (base 7) to base 3.
1211202122
100110010 (base 2) to base 15
156
-1365 (base 7) to base 8
-1031
What is -6888 (base 9) in base 16?
-13ee
What is -1001001011110100 (base 2) in base 6?
-450100
-1397 (base 12) to base 11
-1789
-732 (base 10) to base 2
-1011011100
123 (base 16) to base 6
1203
Convert -23260 (base 8) to base 11.
-7494
-453 (base 13) to base 7
-2112
Convert -10020010 (base 3) to base 2.
-100100110000
Convert 12c1a (base 13) to base 2.
1000100010111110
98 (base 15) to base 12
bb
-166a2 (base 15) to base 2
-10001101010111001
What is 162 (base 8) in base 12?
96
Convert -110200102 (base 3) to base 6.
-110445
Convert 10010011110100 (base 2) to base 6.
111444
Convert 1498 (base 10) to base 5.
21443
What is 140213 (base 5) in base 3?
21210111
What is 46b (base 12) in base 6?
3015
What is 13462 (base 7) in base 6?
24554
What is -2056 (base 12) in base 6?
-24150
What is -1110001100 (base 2) in base 15?
-408
Convert -dd8 (base 16) to base 8.
-6730
-101303002 (base 4) to base 9
-120887
What is -6d3 (base 15) in base 9?
-2110
12320 (base 7) to base 8
6260
7431 (base 10) to base 7
30444
20222000 (base 3) to base 11
38a5
Convert -430 (base 10) to base 4.
-12232
Convert 111001200 (base 3) to base 9.
14050
What is -110212 (base 3) in base 7?
-1004
What is 2100101222 (base 3) in base 12?
228bb
Convert -10242 (base 5) to base 15.
-317
Convert -7038 (base 9) to base 3.
-21001022
-603 (base 9) to base 14
-26d
What is -204305 (base 6) in base 5?
-1012104
What is 12895 (base 10) in base 9?
18617
2022021 (base 3) to base 13
9c4
-7101 (base 9) to base 6
-40001
What is -35b7 (base 12) in base 10?
-6043
Convert 76141 (base 8) to base 12.
16515
Convert -72 (base 16) to base 12.
-96
860 (base 9) to base 13
420
-4665 (base 7) to base 4
-122301
103333 (base 5) to base 10
3593
-8112 (base 14) to base 12
-109b0
What is -307 (base 9) in base 13?
-163
1bdc (base 14) to base 5
130334
Convert -10100100000 (base 2) to base 4.
-110200
What is 2166 (base 13) in base 10?
4647
Convert -1388 (base 10) to base 4.
-111230
8c9 (base 15) to base 10
1989
Convert -340 (base 11) to base 12.
-29b
Convert -242 (base 10) to base 3.
-22222
What is 20203102 (base 4) in base 6?
430054
Convert -11031 (base 7) to base 5.
-42031
2a6b (base 16) to base 14
3d59
Convert 5056 (base 9) to base 11.
2860
Convert 323 (base 7) to base 2.
10100100
Convert -22c8 (base 13) to base 5.
-124041
What is -14011 (base 9) in base 5?
-300422
8b9 (base 12) to base 15
5b3
Convert 348 (base 12) to base 13.
2b7
Convert -2641 (base 7) to base 11.
-838
What is 9bc2 (base 13) in base 2?
101010100011110
-2354 (base 15) to base 5
-220004
What is -2e8a (base 16) in base 11?
-8a51
1bc (base 16) to base 7
1203
Convert -6735 (base 9) to base 7.
-20333
-22433 (base 5) to base 11
-1241
1021010121 (base 3) to base 12
12497
What is 135611 (base 8) in base 10?
48009
Convert 19c (base 15) to base 4.
11310
Convert -1000020 (base 3) to base 9.
-1006
-2020000 (base 3) to base 16
-654
Convert -101000001000010 (base 2) to base 5.
-1124141
Convert -10155 (base 7) to base 15.
-b10
2123 (base 6) to base 4
13203
-1012221012 (base 3) to base 11
-17046
What is 16ca (base 15) in base 3?
20202001
What is -5535 (base 7) in base 4?
-133002
What is 79 (base 11) in base 13?
68
Convert 2202022 (base 3) to base 15.
8db
Convert 23315 (base 6) to base 12.
1b3b
-167 (base 13) to base 12
-192
-59ca (base 14) to base 10
-15662
-2012021 (base 3) to base 14
-824
What is 8160 (base 10) in base 13?
3939
-1101111001 (base 2) to base 14
-477
What is -2111102 (base 4) in base 7?
-36566
What is 400 (base 13) in base 8?
1244
Convert -4132 (base 6) to base 9.
-1232
What is -12023030 (base 4) in base 11?
-18003
What is -1012120 (base 4) in base 13?
-2086
Convert 13031 (base 4) to base 8.
715
Convert -13781 (base 9) to base 7.
-36241
What is 1440 (base 5) in base 3?
100002
Convert c (base 16) to base 14.
c
-15325 (base 12) to base 15
-8c92
Convert -142223 (base 5) to base 4.
-1130302
-20220102 (base 3) to base 8
-11651
What is -6127 (base 12) in base 5?
-314133
-100222 (base 4) to base 7
-3052
What is -a62 (base 12) in base 9?
-2062
-12 (base 7) to base 11
-9
8 (base 11) to base 9
8
1906 (base 16) to base 12
385a
What is -77 (base 13) in base 3?
-10122
What is 5b1 (base 15) in base 13?
784
What is -356 (base 8) in base 16?
-ee
What is 10111011100 (base 2) in base 14?
792
-341 (base 12) to base 8
-741
Convert a4a0 (base 14) to base 15.
860e
What is 1002021222 (base 3) in base 8?
51554
Convert 16b9 (base 16) to base 12.
3449
-512 (base 15) to base 5
-14032
Convert -a4a (base 14) to base 13.
-bcb
What is e881 (base 15) in base 5?
3033141
238 (base 12) to base 16
14c
Convert -44b (base 13) to base 6.
-3231
896 (base 13) to base 14
775
-5 (base 12) to base 14
-5
Convert -131440 (base 5) to base 8.
-12175
What is -a77e (base 16) in base 12?
-20992
-138b (base 15) to base 12
-2505
What is 110100000 (base 2) in base 3?
120102
Convert -30001 (base 4) to base 6.
-3321
What is 547 (base 11) in base 2?
1010010000
What is 1519 (base 14) in base 15?
119c
Convert -24324 (base 9) to base 5.
-1010203
What is -5475 (base 14) in base 7?
-60405
329b (base 15) to base 6
121345
-71 (base 10) to base 9
-78
Convert -8825 (base 10) to base 4.
-2021321
What is -226025 (base 7) in base 4?
-21320231
2653 (base 9) to base 8
3710
What is -52610 (base 7) in base 10?
-12992
What is -22310123 (base 4) in base 10?
-44315
What is 125 (base 10) in base 12?
a5
5334 (base 6) to base 4
102322
What is 54a9 (base 14) in base 15?
451d
-46b (base 12) to base 4
-22103
5167 (base 10) to base 7
21031
Convert 6716 (base 8) to base 6.
24210
-63 (base 16) to base 4
-1203
-30884 (base 10) to base 15
-923e
What is 1000011000100110 (base 2) in base 12?
17a5a
What is 574d (base 14) in base 6?
154105
14235 (base 6) to base 2
100011001111
Convert -450 (base 6) to base 8.
-256
225 (base 8) to base 5
1044
-11222122 (base 3) to base 13
-1868
-53 (base 8) to base 16
-2b
Convert -10003 (base 4) to base 7.
-520
What is 11031 (base 4) in base 5?
2313
2212 (base 7) to base 8
1431
Convert -111100110110 (base 2) to base 11.
-2a20
-22212 (base 5) to base 9
-2120
What is 41111 (base 5) in base 12?
1654
What is 814 (base 15) in base 7?
5206
What is -6b78 (base 16) in base 14?
-a052
-636 (base 11) to base 7
-2142
Convert 4456 (base 10) to base 4.
1011220
27256 (base 10) to base 13
c538
48b (base 15) to base 13
614
19a (base 12) to base 2
100000110
What is -2100200 (base 3) in base 8?
-3267
Convert -3223102 (base 5) to base 14.
-15d69
-223310 (base 5) to base 11
-5a82
What is -1352 (base 8) in base 16?
-2ea
-326 (base 16) to base 7
-2231
What is 2165 (base 7) in base 3?
1001222
What is 5042 (base 7) in base 13?
a43
Convert -10121200 (base 3) to base 10.
-2637
What is -3023 (base 7) in base 10?
-1046
What is 2234240 (base 5) in base 14?
107b3
What is -100111001111 (base 2) in base 10?
-2511
What is -2f6 (base 16) in base 14?
-3c2
Convert -20333200 (base 4) to base 12.
-19394
Convert -76413 (base 8) to base 16.
-7d0b
Convert -45258 (base 9) to base 15.
-8dbe
What is -862 (base 11) in base 9?
-1371
What is -6727 (base 14) in base 4?
-10113033
What is 2002011 (base 3) in base 7?
4264
-1564 (base 7) to base 14
-334
121320 (base 5) to base 14
1957
What is 1550 (base 6) in base 14?
226
34763 (base 9) to base 15
6d33
Convert -388d (base 14) to base 16.
-26c5
What is 233 (base 15) in base 3?
200110
What is 748 (base 12) in base 15?
4ae
Convert 2212202200 (base 3) to base 5.
3303231
What is 4350 (base 7) in base 12?
a96
1000110101001110 (base 2) to base 9
54553
Convert -1066